{"id":26,"date":"2020-10-29T08:31:59","date_gmt":"2020-10-29T08:31:59","guid":{"rendered":"http:\/\/89.166.51.80\/~pohjoispaij\/petajavesi\/?page_id=26"},"modified":"2023-03-09T09:00:25","modified_gmt":"2023-03-09T09:00:25","slug":"tiedot","status":"publish","type":"page","link":"https:\/\/pohjoispaijanteenkalatalousalue.fi\/petajavesi\/tiedot\/","title":{"rendered":"Tiedot"},"content":{"rendered":"\n<h2 class=\"wp-block-heading\">Yhteystiedot<\/h2>\n\n\n\n<p>Eemeli Piesala<br>Piesalantilantie 17<br>41900 PET\u00c4J\u00c4VESI<br>Puh. 040 703 9301<\/p>\n\n\n\n<h2 class=\"wp-block-heading\">Sijainti<\/h2>\n\n\n\n<figure class=\"wp-block-image size-large\"><img loading=\"lazy\" decoding=\"async\" width=\"1024\" height=\"724\" src=\"https:\/\/pohjoispaijanteenkalatalousalue.fi\/petajavesi\/wp-content\/uploads\/sites\/70\/2023\/03\/petajaveden-ok-1024x724.png\" alt=\"\" class=\"wp-image-226\" srcset=\"https:\/\/pohjoispaijanteenkalatalousalue.fi\/petajavesi\/wp-content\/uploads\/sites\/70\/2023\/03\/petajaveden-ok-1024x724.png 1024w, https:\/\/pohjoispaijanteenkalatalousalue.fi\/petajavesi\/wp-content\/uploads\/sites\/70\/2023\/03\/petajaveden-ok-300x212.png 300w, https:\/\/pohjoispaijanteenkalatalousalue.fi\/petajavesi\/wp-content\/uploads\/sites\/70\/2023\/03\/petajaveden-ok-768x543.png 768w, https:\/\/pohjoispaijanteenkalatalousalue.fi\/petajavesi\/wp-content\/uploads\/sites\/70\/2023\/03\/petajaveden-ok-1536x1086.png 1536w, https:\/\/pohjoispaijanteenkalatalousalue.fi\/petajavesi\/wp-content\/uploads\/sites\/70\/2023\/03\/petajaveden-ok-2048x1448.png 2048w\" sizes=\"auto, (max-width: 1024px) 100vw, 1024px\" \/><\/figure>\n","protected":false},"excerpt":{"rendered":"<p>Yhteystiedot Eemeli PiesalaPiesalantilantie 1741900 PET\u00c4J\u00c4VESIPuh. 040 703 9301 Sijainti<\/p>\n","protected":false},"author":1,"featured_media":0,"parent":0,"menu_order":0,"comment_status":"closed","ping_status":"closed","template":"basic-sivu.php","meta":{"_acf_changed":false,"footnotes":""},"class_list":["post-26","page","type-page","status-publish","hentry"],"acf":[],"yoast_head":"<!-- This site is optimized with the Yoast SEO plugin v27.1.1 - https:\/\/yoast.com\/product\/yoast-seo-wordpress\/ -->\n<title>Tiedot - Pet\u00e4j\u00e4veden osakaskunta<\/title>\n<meta name=\"robots\" content=\"index, follow, max-snippet:-1, max-image-preview:large, max-video-preview:-1\" \/>\n<link rel=\"canonical\" href=\"https:\/\/pohjoispaijanteenkalatalousalue.fi\/petajavesi\/tiedot\/\" \/>\n<meta property=\"og:locale\" content=\"fi_FI\" \/>\n<meta property=\"og:type\" content=\"article\" \/>\n<meta property=\"og:title\" content=\"Tiedot - Pet\u00e4j\u00e4veden osakaskunta\" \/>\n<meta property=\"og:description\" content=\"Yhteystiedot Eemeli PiesalaPiesalantilantie 1741900 PET\u00c4J\u00c4VESIPuh. 040 703 9301 Sijainti\" \/>\n<meta property=\"og:url\" content=\"https:\/\/pohjoispaijanteenkalatalousalue.fi\/petajavesi\/tiedot\/\" \/>\n<meta property=\"og:site_name\" content=\"Pet\u00e4j\u00e4veden osakaskunta\" \/>\n<meta property=\"article:modified_time\" content=\"2023-03-09T09:00:25+00:00\" \/>\n<meta property=\"og:image\" content=\"https:\/\/pohjoispaijanteenkalatalousalue.fi\/petajavesi\/wp-content\/uploads\/sites\/70\/2023\/03\/petajaveden-ok-1024x724.png\" \/>\n<meta name=\"twitter:card\" content=\"summary_large_image\" \/>\n<meta name=\"twitter:label1\" content=\"Arvioitu lukuaika\" \/>\n\t<meta name=\"twitter:data1\" content=\"1 minuutti\" \/>\n<script type=\"application\/ld+json\" class=\"yoast-schema-graph\">{\"@context\":\"https:\/\/schema.org\",\"@graph\":[{\"@type\":\"WebPage\",\"@id\":\"https:\/\/pohjoispaijanteenkalatalousalue.fi\/petajavesi\/tiedot\/\",\"url\":\"https:\/\/pohjoispaijanteenkalatalousalue.fi\/petajavesi\/tiedot\/\",\"name\":\"Tiedot - Pet\u00e4j\u00e4veden osakaskunta\",\"isPartOf\":{\"@id\":\"https:\/\/pohjoispaijanteenkalatalousalue.fi\/petajavesi\/#website\"},\"primaryImageOfPage\":{\"@id\":\"https:\/\/pohjoispaijanteenkalatalousalue.fi\/petajavesi\/tiedot\/#primaryimage\"},\"image\":{\"@id\":\"https:\/\/pohjoispaijanteenkalatalousalue.fi\/petajavesi\/tiedot\/#primaryimage\"},\"thumbnailUrl\":\"https:\/\/pohjoispaijanteenkalatalousalue.fi\/petajavesi\/wp-content\/uploads\/sites\/70\/2023\/03\/petajaveden-ok-1024x724.png\",\"datePublished\":\"2020-10-29T08:31:59+00:00\",\"dateModified\":\"2023-03-09T09:00:25+00:00\",\"breadcrumb\":{\"@id\":\"https:\/\/pohjoispaijanteenkalatalousalue.fi\/petajavesi\/tiedot\/#breadcrumb\"},\"inLanguage\":\"fi\",\"potentialAction\":[{\"@type\":\"ReadAction\",\"target\":[\"https:\/\/pohjoispaijanteenkalatalousalue.fi\/petajavesi\/tiedot\/\"]}]},{\"@type\":\"ImageObject\",\"inLanguage\":\"fi\",\"@id\":\"https:\/\/pohjoispaijanteenkalatalousalue.fi\/petajavesi\/tiedot\/#primaryimage\",\"url\":\"https:\/\/pohjoispaijanteenkalatalousalue.fi\/petajavesi\/wp-content\/uploads\/sites\/70\/2023\/03\/petajaveden-ok.png\",\"contentUrl\":\"https:\/\/pohjoispaijanteenkalatalousalue.fi\/petajavesi\/wp-content\/uploads\/sites\/70\/2023\/03\/petajaveden-ok.png\",\"width\":7015,\"height\":4960},{\"@type\":\"BreadcrumbList\",\"@id\":\"https:\/\/pohjoispaijanteenkalatalousalue.fi\/petajavesi\/tiedot\/#breadcrumb\",\"itemListElement\":[{\"@type\":\"ListItem\",\"position\":1,\"name\":\"Home\",\"item\":\"https:\/\/pohjoispaijanteenkalatalousalue.fi\/petajavesi\/\"},{\"@type\":\"ListItem\",\"position\":2,\"name\":\"Tiedot\"}]},{\"@type\":\"WebSite\",\"@id\":\"https:\/\/pohjoispaijanteenkalatalousalue.fi\/petajavesi\/#website\",\"url\":\"https:\/\/pohjoispaijanteenkalatalousalue.fi\/petajavesi\/\",\"name\":\"Pet\u00e4j\u00e4veden osakaskunta\",\"description\":\"\",\"potentialAction\":[{\"@type\":\"SearchAction\",\"target\":{\"@type\":\"EntryPoint\",\"urlTemplate\":\"https:\/\/pohjoispaijanteenkalatalousalue.fi\/petajavesi\/?s={search_term_string}\"},\"query-input\":{\"@type\":\"PropertyValueSpecification\",\"valueRequired\":true,\"valueName\":\"search_term_string\"}}],\"inLanguage\":\"fi\"}]}<\/script>\n<!-- \/ Yoast SEO plugin. -->","yoast_head_json":{"title":"Tiedot - Pet\u00e4j\u00e4veden osakaskunta","robots":{"index":"index","follow":"follow","max-snippet":"max-snippet:-1","max-image-preview":"max-image-preview:large","max-video-preview":"max-video-preview:-1"},"canonical":"https:\/\/pohjoispaijanteenkalatalousalue.fi\/petajavesi\/tiedot\/","og_locale":"fi_FI","og_type":"article","og_title":"Tiedot - Pet\u00e4j\u00e4veden osakaskunta","og_description":"Yhteystiedot Eemeli PiesalaPiesalantilantie 1741900 PET\u00c4J\u00c4VESIPuh. 040 703 9301 Sijainti","og_url":"https:\/\/pohjoispaijanteenkalatalousalue.fi\/petajavesi\/tiedot\/","og_site_name":"Pet\u00e4j\u00e4veden osakaskunta","article_modified_time":"2023-03-09T09:00:25+00:00","og_image":[{"url":"https:\/\/pohjoispaijanteenkalatalousalue.fi\/petajavesi\/wp-content\/uploads\/sites\/70\/2023\/03\/petajaveden-ok-1024x724.png","type":"","width":"","height":""}],"twitter_card":"summary_large_image","twitter_misc":{"Arvioitu lukuaika":"1 minuutti"},"schema":{"@context":"https:\/\/schema.org","@graph":[{"@type":"WebPage","@id":"https:\/\/pohjoispaijanteenkalatalousalue.fi\/petajavesi\/tiedot\/","url":"https:\/\/pohjoispaijanteenkalatalousalue.fi\/petajavesi\/tiedot\/","name":"Tiedot - Pet\u00e4j\u00e4veden osakaskunta","isPartOf":{"@id":"https:\/\/pohjoispaijanteenkalatalousalue.fi\/petajavesi\/#website"},"primaryImageOfPage":{"@id":"https:\/\/pohjoispaijanteenkalatalousalue.fi\/petajavesi\/tiedot\/#primaryimage"},"image":{"@id":"https:\/\/pohjoispaijanteenkalatalousalue.fi\/petajavesi\/tiedot\/#primaryimage"},"thumbnailUrl":"https:\/\/pohjoispaijanteenkalatalousalue.fi\/petajavesi\/wp-content\/uploads\/sites\/70\/2023\/03\/petajaveden-ok-1024x724.png","datePublished":"2020-10-29T08:31:59+00:00","dateModified":"2023-03-09T09:00:25+00:00","breadcrumb":{"@id":"https:\/\/pohjoispaijanteenkalatalousalue.fi\/petajavesi\/tiedot\/#breadcrumb"},"inLanguage":"fi","potentialAction":[{"@type":"ReadAction","target":["https:\/\/pohjoispaijanteenkalatalousalue.fi\/petajavesi\/tiedot\/"]}]},{"@type":"ImageObject","inLanguage":"fi","@id":"https:\/\/pohjoispaijanteenkalatalousalue.fi\/petajavesi\/tiedot\/#primaryimage","url":"https:\/\/pohjoispaijanteenkalatalousalue.fi\/petajavesi\/wp-content\/uploads\/sites\/70\/2023\/03\/petajaveden-ok.png","contentUrl":"https:\/\/pohjoispaijanteenkalatalousalue.fi\/petajavesi\/wp-content\/uploads\/sites\/70\/2023\/03\/petajaveden-ok.png","width":7015,"height":4960},{"@type":"BreadcrumbList","@id":"https:\/\/pohjoispaijanteenkalatalousalue.fi\/petajavesi\/tiedot\/#breadcrumb","itemListElement":[{"@type":"ListItem","position":1,"name":"Home","item":"https:\/\/pohjoispaijanteenkalatalousalue.fi\/petajavesi\/"},{"@type":"ListItem","position":2,"name":"Tiedot"}]},{"@type":"WebSite","@id":"https:\/\/pohjoispaijanteenkalatalousalue.fi\/petajavesi\/#website","url":"https:\/\/pohjoispaijanteenkalatalousalue.fi\/petajavesi\/","name":"Pet\u00e4j\u00e4veden osakaskunta","description":"","potentialAction":[{"@type":"SearchAction","target":{"@type":"EntryPoint","urlTemplate":"https:\/\/pohjoispaijanteenkalatalousalue.fi\/petajavesi\/?s={search_term_string}"},"query-input":{"@type":"PropertyValueSpecification","valueRequired":true,"valueName":"search_term_string"}}],"inLanguage":"fi"}]}},"_links":{"self":[{"href":"https:\/\/pohjoispaijanteenkalatalousalue.fi\/petajavesi\/wp-json\/wp\/v2\/pages\/26","targetHints":{"allow":["GET"]}}],"collection":[{"href":"https:\/\/pohjoispaijanteenkalatalousalue.fi\/petajavesi\/wp-json\/wp\/v2\/pages"}],"about":[{"href":"https:\/\/pohjoispaijanteenkalatalousalue.fi\/petajavesi\/wp-json\/wp\/v2\/types\/page"}],"author":[{"embeddable":true,"href":"https:\/\/pohjoispaijanteenkalatalousalue.fi\/petajavesi\/wp-json\/wp\/v2\/users\/1"}],"replies":[{"embeddable":true,"href":"https:\/\/pohjoispaijanteenkalatalousalue.fi\/petajavesi\/wp-json\/wp\/v2\/comments?post=26"}],"version-history":[{"count":12,"href":"https:\/\/pohjoispaijanteenkalatalousalue.fi\/petajavesi\/wp-json\/wp\/v2\/pages\/26\/revisions"}],"predecessor-version":[{"id":227,"href":"https:\/\/pohjoispaijanteenkalatalousalue.fi\/petajavesi\/wp-json\/wp\/v2\/pages\/26\/revisions\/227"}],"wp:attachment":[{"href":"https:\/\/pohjoispaijanteenkalatalousalue.fi\/petajavesi\/wp-json\/wp\/v2\/media?parent=26"}],"curies":[{"name":"wp","href":"https:\/\/api.w.org\/{rel}","templated":true}]}}