{"id":97,"date":"2020-10-29T11:48:36","date_gmt":"2020-10-29T11:48:36","guid":{"rendered":"http:\/\/89.166.51.80\/~pohjoispaij\/palokka\/?page_id=97"},"modified":"2021-06-13T07:19:43","modified_gmt":"2021-06-13T07:19:43","slug":"pyydysmerkinnat","status":"publish","type":"page","link":"https:\/\/pohjoispaijanteenkalatalousalue.fi\/palokka\/pyydysmerkinnat\/","title":{"rendered":"Pyydysmerkinn\u00e4t"},"content":{"rendered":"\n<h2 class=\"wp-block-heading\">Pyydysten merkint\u00e4<\/h2>\n\n\n\n<p>Pyydykset on merkitt\u00e4v\u00e4 Palokan kalastuskunnan voimassa olevilla merkeill\u00e4. Merkeiss\u00e4 oltava yhteystiedot, nimi ja puhelin numero.<\/p>\n\n\n\n<p>Palokan kalastuskunnan vesill\u00e4 ei ole moottorivene liikennett\u00e4, joten pyydykset merkit\u00e4\u00e4n sen mukaan. Ohje on alla olevassa linkiss\u00e4.<\/p>\n\n\n\n<p><a href=\"https:\/\/ahven.net\/kalastus\/pyydysten-merkinta\/\" target=\"_blank\" rel=\"noreferrer noopener\">Merkitse pyydykset oikein<\/a><\/p>\n","protected":false},"excerpt":{"rendered":"<p>Pyydysten merkint\u00e4 Pyydykset on merkitt\u00e4v\u00e4 Palokan kalastuskunnan voimassa olevilla merkeill\u00e4. Merkeiss\u00e4 oltava yhteystiedot, nimi ja puhelin numero. Palokan kalastuskunnan vesill\u00e4 ei ole moottorivene liikennett\u00e4, joten pyydykset merkit\u00e4\u00e4n sen mukaan. Ohje on alla olevassa linkiss\u00e4. Merkitse pyydykset oikein<\/p>\n","protected":false},"author":1,"featured_media":0,"parent":0,"menu_order":0,"comment_status":"closed","ping_status":"closed","template":"basic-sivu.php","meta":{"_acf_changed":false,"footnotes":""},"class_list":["post-97","page","type-page","status-publish","hentry"],"acf":[],"yoast_head":"<!-- This site is optimized with the Yoast SEO plugin v27.1.1 - https:\/\/yoast.com\/product\/yoast-seo-wordpress\/ -->\n<title>Pyydysmerkinn\u00e4t - Palokan osakaskunta<\/title>\n<meta name=\"robots\" content=\"index, follow, max-snippet:-1, max-image-preview:large, max-video-preview:-1\" \/>\n<link rel=\"canonical\" href=\"https:\/\/pohjoispaijanteenkalatalousalue.fi\/palokka\/pyydysmerkinnat\/\" \/>\n<meta property=\"og:locale\" content=\"fi_FI\" \/>\n<meta property=\"og:type\" content=\"article\" \/>\n<meta property=\"og:title\" content=\"Pyydysmerkinn\u00e4t - Palokan osakaskunta\" \/>\n<meta property=\"og:description\" content=\"Pyydysten merkint\u00e4 Pyydykset on merkitt\u00e4v\u00e4 Palokan kalastuskunnan voimassa olevilla merkeill\u00e4. Merkeiss\u00e4 oltava yhteystiedot, nimi ja puhelin numero. Palokan kalastuskunnan vesill\u00e4 ei ole moottorivene liikennett\u00e4, joten pyydykset merkit\u00e4\u00e4n sen mukaan. Ohje on alla olevassa linkiss\u00e4. Merkitse pyydykset oikein\" \/>\n<meta property=\"og:url\" content=\"https:\/\/pohjoispaijanteenkalatalousalue.fi\/palokka\/pyydysmerkinnat\/\" \/>\n<meta property=\"og:site_name\" content=\"Palokan osakaskunta\" \/>\n<meta property=\"article:modified_time\" content=\"2021-06-13T07:19:43+00:00\" \/>\n<meta name=\"twitter:card\" content=\"summary_large_image\" \/>\n<meta name=\"twitter:label1\" content=\"Arvioitu lukuaika\" \/>\n\t<meta name=\"twitter:data1\" content=\"1 minuutti\" \/>\n<script type=\"application\/ld+json\" class=\"yoast-schema-graph\">{\"@context\":\"https:\/\/schema.org\",\"@graph\":[{\"@type\":\"WebPage\",\"@id\":\"https:\/\/pohjoispaijanteenkalatalousalue.fi\/palokka\/pyydysmerkinnat\/\",\"url\":\"https:\/\/pohjoispaijanteenkalatalousalue.fi\/palokka\/pyydysmerkinnat\/\",\"name\":\"Pyydysmerkinn\u00e4t - Palokan osakaskunta\",\"isPartOf\":{\"@id\":\"https:\/\/pohjoispaijanteenkalatalousalue.fi\/palokka\/#website\"},\"datePublished\":\"2020-10-29T11:48:36+00:00\",\"dateModified\":\"2021-06-13T07:19:43+00:00\",\"breadcrumb\":{\"@id\":\"https:\/\/pohjoispaijanteenkalatalousalue.fi\/palokka\/pyydysmerkinnat\/#breadcrumb\"},\"inLanguage\":\"fi\",\"potentialAction\":[{\"@type\":\"ReadAction\",\"target\":[\"https:\/\/pohjoispaijanteenkalatalousalue.fi\/palokka\/pyydysmerkinnat\/\"]}]},{\"@type\":\"BreadcrumbList\",\"@id\":\"https:\/\/pohjoispaijanteenkalatalousalue.fi\/palokka\/pyydysmerkinnat\/#breadcrumb\",\"itemListElement\":[{\"@type\":\"ListItem\",\"position\":1,\"name\":\"Home\",\"item\":\"https:\/\/pohjoispaijanteenkalatalousalue.fi\/palokka\/\"},{\"@type\":\"ListItem\",\"position\":2,\"name\":\"Pyydysmerkinn\u00e4t\"}]},{\"@type\":\"WebSite\",\"@id\":\"https:\/\/pohjoispaijanteenkalatalousalue.fi\/palokka\/#website\",\"url\":\"https:\/\/pohjoispaijanteenkalatalousalue.fi\/palokka\/\",\"name\":\"Palokan osakaskunta\",\"description\":\"\",\"potentialAction\":[{\"@type\":\"SearchAction\",\"target\":{\"@type\":\"EntryPoint\",\"urlTemplate\":\"https:\/\/pohjoispaijanteenkalatalousalue.fi\/palokka\/?s={search_term_string}\"},\"query-input\":{\"@type\":\"PropertyValueSpecification\",\"valueRequired\":true,\"valueName\":\"search_term_string\"}}],\"inLanguage\":\"fi\"}]}<\/script>\n<!-- \/ Yoast SEO plugin. -->","yoast_head_json":{"title":"Pyydysmerkinn\u00e4t - Palokan osakaskunta","robots":{"index":"index","follow":"follow","max-snippet":"max-snippet:-1","max-image-preview":"max-image-preview:large","max-video-preview":"max-video-preview:-1"},"canonical":"https:\/\/pohjoispaijanteenkalatalousalue.fi\/palokka\/pyydysmerkinnat\/","og_locale":"fi_FI","og_type":"article","og_title":"Pyydysmerkinn\u00e4t - Palokan osakaskunta","og_description":"Pyydysten merkint\u00e4 Pyydykset on merkitt\u00e4v\u00e4 Palokan kalastuskunnan voimassa olevilla merkeill\u00e4. Merkeiss\u00e4 oltava yhteystiedot, nimi ja puhelin numero. Palokan kalastuskunnan vesill\u00e4 ei ole moottorivene liikennett\u00e4, joten pyydykset merkit\u00e4\u00e4n sen mukaan. Ohje on alla olevassa linkiss\u00e4. Merkitse pyydykset oikein","og_url":"https:\/\/pohjoispaijanteenkalatalousalue.fi\/palokka\/pyydysmerkinnat\/","og_site_name":"Palokan osakaskunta","article_modified_time":"2021-06-13T07:19:43+00:00","twitter_card":"summary_large_image","twitter_misc":{"Arvioitu lukuaika":"1 minuutti"},"schema":{"@context":"https:\/\/schema.org","@graph":[{"@type":"WebPage","@id":"https:\/\/pohjoispaijanteenkalatalousalue.fi\/palokka\/pyydysmerkinnat\/","url":"https:\/\/pohjoispaijanteenkalatalousalue.fi\/palokka\/pyydysmerkinnat\/","name":"Pyydysmerkinn\u00e4t - Palokan osakaskunta","isPartOf":{"@id":"https:\/\/pohjoispaijanteenkalatalousalue.fi\/palokka\/#website"},"datePublished":"2020-10-29T11:48:36+00:00","dateModified":"2021-06-13T07:19:43+00:00","breadcrumb":{"@id":"https:\/\/pohjoispaijanteenkalatalousalue.fi\/palokka\/pyydysmerkinnat\/#breadcrumb"},"inLanguage":"fi","potentialAction":[{"@type":"ReadAction","target":["https:\/\/pohjoispaijanteenkalatalousalue.fi\/palokka\/pyydysmerkinnat\/"]}]},{"@type":"BreadcrumbList","@id":"https:\/\/pohjoispaijanteenkalatalousalue.fi\/palokka\/pyydysmerkinnat\/#breadcrumb","itemListElement":[{"@type":"ListItem","position":1,"name":"Home","item":"https:\/\/pohjoispaijanteenkalatalousalue.fi\/palokka\/"},{"@type":"ListItem","position":2,"name":"Pyydysmerkinn\u00e4t"}]},{"@type":"WebSite","@id":"https:\/\/pohjoispaijanteenkalatalousalue.fi\/palokka\/#website","url":"https:\/\/pohjoispaijanteenkalatalousalue.fi\/palokka\/","name":"Palokan osakaskunta","description":"","potentialAction":[{"@type":"SearchAction","target":{"@type":"EntryPoint","urlTemplate":"https:\/\/pohjoispaijanteenkalatalousalue.fi\/palokka\/?s={search_term_string}"},"query-input":{"@type":"PropertyValueSpecification","valueRequired":true,"valueName":"search_term_string"}}],"inLanguage":"fi"}]}},"_links":{"self":[{"href":"https:\/\/pohjoispaijanteenkalatalousalue.fi\/palokka\/wp-json\/wp\/v2\/pages\/97","targetHints":{"allow":["GET"]}}],"collection":[{"href":"https:\/\/pohjoispaijanteenkalatalousalue.fi\/palokka\/wp-json\/wp\/v2\/pages"}],"about":[{"href":"https:\/\/pohjoispaijanteenkalatalousalue.fi\/palokka\/wp-json\/wp\/v2\/types\/page"}],"author":[{"embeddable":true,"href":"https:\/\/pohjoispaijanteenkalatalousalue.fi\/palokka\/wp-json\/wp\/v2\/users\/1"}],"replies":[{"embeddable":true,"href":"https:\/\/pohjoispaijanteenkalatalousalue.fi\/palokka\/wp-json\/wp\/v2\/comments?post=97"}],"version-history":[{"count":9,"href":"https:\/\/pohjoispaijanteenkalatalousalue.fi\/palokka\/wp-json\/wp\/v2\/pages\/97\/revisions"}],"predecessor-version":[{"id":279,"href":"https:\/\/pohjoispaijanteenkalatalousalue.fi\/palokka\/wp-json\/wp\/v2\/pages\/97\/revisions\/279"}],"wp:attachment":[{"href":"https:\/\/pohjoispaijanteenkalatalousalue.fi\/palokka\/wp-json\/wp\/v2\/media?parent=97"}],"curies":[{"name":"wp","href":"https:\/\/api.w.org\/{rel}","templated":true}]}}