{"id":26,"date":"2020-10-29T08:31:59","date_gmt":"2020-10-29T08:31:59","guid":{"rendered":"http:\/\/89.166.51.80\/~pohjoispaij\/leivonmaki\/?page_id=26"},"modified":"2024-04-29T06:38:58","modified_gmt":"2024-04-29T06:38:58","slug":"tiedot","status":"publish","type":"page","link":"https:\/\/pohjoispaijanteenkalatalousalue.fi\/leivonmaki\/tiedot\/","title":{"rendered":"Tiedot"},"content":{"rendered":"\n<h2 class=\"wp-block-heading\">Yhteystiedot<\/h2>\n\n\n\n<p>Puheenjohtaja Seppo Salminen\u00a0\u00a0 050 326 5463<\/p>\n\n\n\n<p>Varapuheenjohtaja Juhani L\u00f6flund&nbsp; 050 5967032<\/p>\n\n\n\n<h2 class=\"wp-block-heading\">Sijainti<\/h2>\n\n\n\n<figure class=\"wp-block-image size-large\"><img loading=\"lazy\" decoding=\"async\" width=\"1024\" height=\"724\" src=\"https:\/\/pohjoispaijanteenkalatalousalue.fi\/leivonmaki\/wp-content\/uploads\/sites\/57\/2023\/03\/leivonmaen-ok-1024x724.png\" alt=\"\" class=\"wp-image-313\" srcset=\"https:\/\/pohjoispaijanteenkalatalousalue.fi\/leivonmaki\/wp-content\/uploads\/sites\/57\/2023\/03\/leivonmaen-ok-1024x724.png 1024w, https:\/\/pohjoispaijanteenkalatalousalue.fi\/leivonmaki\/wp-content\/uploads\/sites\/57\/2023\/03\/leivonmaen-ok-300x212.png 300w, https:\/\/pohjoispaijanteenkalatalousalue.fi\/leivonmaki\/wp-content\/uploads\/sites\/57\/2023\/03\/leivonmaen-ok-768x543.png 768w, https:\/\/pohjoispaijanteenkalatalousalue.fi\/leivonmaki\/wp-content\/uploads\/sites\/57\/2023\/03\/leivonmaen-ok-1536x1086.png 1536w, https:\/\/pohjoispaijanteenkalatalousalue.fi\/leivonmaki\/wp-content\/uploads\/sites\/57\/2023\/03\/leivonmaen-ok-2048x1448.png 2048w\" sizes=\"auto, (max-width: 1024px) 100vw, 1024px\" \/><\/figure>\n\n\n\n<h2 class=\"wp-block-heading\">Toiminta<\/h2>\n\n\n\n<p>Kalastuskunnalla on monenlaista toimintaa. Pyydysmerkkien myynnin lis\u00e4ksi kalastuskunta hoitaa kalakantoja istutus- ja hoitokalastustoiminnalla. Hoitokalastustoiminta parantaa osaltaan my\u00f6s Rutaj\u00e4rven ymp\u00e4rist\u00f6n tilaa. Ymp\u00e4rist\u00f6n hoitoon kuuluu my\u00f6s kaislojen niitt\u00e4minen my\u00f6s yksityisilt\u00e4 rannoilta pyydett\u00e4ess\u00e4.<\/p>\n\n\n\n<h4 class=\"wp-block-heading\"><strong>Istutustoiminta<\/strong><\/h4>\n\n\n\n<p>Leivonm\u00e4en kalastuskunta istuttaa p\u00e4\u00e4asiassa kuhaa. Kalakantoja on istutettu Salmelan kanavan l\u00e4nsipuolelle ja it\u00e4puolelle. Kalastuskunnan alueelle on istutettu my\u00f6s rapuja, mutta rapukanta ei ole l\u00e4htenyt kasvuun. Kantaa on tutkittu koeravustuksilla. Rutaj\u00e4rvess\u00e4 ei ole ollut aikaisemmin luontaista kuhakantaa. Kuhan istutukset alkoivat vuonna 1992 ja istutuksia on t\u00e4ydennetty joka vuosi. T\u00e4ll\u00e4 hetkell\u00e4 kuhan suurin koko on jo yli viisi kiloa. Rutaj\u00e4rveen istutettu siika on&nbsp;j\u00e4rvisiikaa. Siikakantaa on pidetty yll\u00e4 useita kymmeni\u00e4 vuosia. Siian istutuksissa ei ole saavutettu merkitt\u00e4vi\u00e4 tuloksia ja siksi hoitokunta pid\u00e4tt\u00e4ytyy siian istutuksista ja keskittyy kuhan istutuksiin.<\/p>\n\n\n\n<p>Kalastuskunta toivoo, ett\u00e4 kuhaa kalastettaisiin yli 50 mm verkoilla ja siikaa yli 40 mm verkoilla.<\/p>\n\n\n\n<figure class=\"wp-block-image size-full\"><img loading=\"lazy\" decoding=\"async\" width=\"394\" height=\"700\" src=\"https:\/\/pohjoispaijanteenkalatalousalue.fi\/leivonmaki\/wp-content\/uploads\/sites\/57\/2022\/08\/istutusta.jpg\" alt=\"\" class=\"wp-image-291\" srcset=\"https:\/\/pohjoispaijanteenkalatalousalue.fi\/leivonmaki\/wp-content\/uploads\/sites\/57\/2022\/08\/istutusta.jpg 394w, https:\/\/pohjoispaijanteenkalatalousalue.fi\/leivonmaki\/wp-content\/uploads\/sites\/57\/2022\/08\/istutusta-169x300.jpg 169w\" sizes=\"auto, (max-width: 394px) 100vw, 394px\" \/><\/figure>\n\n\n\n<figure class=\"wp-block-image size-full\"><img loading=\"lazy\" decoding=\"async\" width=\"394\" height=\"700\" src=\"https:\/\/pohjoispaijanteenkalatalousalue.fi\/leivonmaki\/wp-content\/uploads\/sites\/57\/2022\/08\/istutusta2-1.jpg\" alt=\"\" class=\"wp-image-293\" srcset=\"https:\/\/pohjoispaijanteenkalatalousalue.fi\/leivonmaki\/wp-content\/uploads\/sites\/57\/2022\/08\/istutusta2-1.jpg 394w, https:\/\/pohjoispaijanteenkalatalousalue.fi\/leivonmaki\/wp-content\/uploads\/sites\/57\/2022\/08\/istutusta2-1-169x300.jpg 169w\" sizes=\"auto, (max-width: 394px) 100vw, 394px\" \/><\/figure>\n\n\n\n<h4 class=\"wp-block-heading\"><strong>Hoitokalastus<\/strong><\/h4>\n\n\n\n<p>Vuonna 2001 Leivonm\u00e4en kalastuskunta aloitti hoitokalastuksen hankkimalla avorys\u00e4n eli paunetin. Hoitokalastuksella pyrit\u00e4\u00e4n vaikuttamaan Rutaj\u00e4rven veden laatuun. Kalojen biomassaan sitoutuu yll\u00e4tt\u00e4v\u00e4n paljon ravinteita: j\u00e4rviss\u00e4 veden fosforista yli puolet voi olla kaloissa. Kalansaaliin mukana poistuu siksi my\u00f6s merkitt\u00e4v\u00e4 m\u00e4\u00e4ri\u00e4 ravinteita kuten fosforia ja typpe\u00e4. Kalojen vaikutukset v\u00e4littyv\u00e4t my\u00f6s ravintoverkossa el\u00e4inplanktonin kautta. El\u00e4inplanktonin suuret vesikirput ovat tehokkaita lev\u00e4nsy\u00f6ji\u00e4 ja pystyv\u00e4t runsaina esiintyess\u00e4\u00e4n pit\u00e4m\u00e4\u00e4n kasviplanktonin kurissa ja veden kirkkaana. Jos planktonia sy\u00f6vi\u00e4 kaloja on paljon, k\u00e4y el\u00e4inplanktonin m\u00e4\u00e4r\u00e4 v\u00e4hiin. T\u00e4m\u00e4 johtaa levien m\u00e4\u00e4r\u00e4n kasvuun.<\/p>\n\n\n\n<p>Vuonna 2001 hoitokalastettiin Rutaj\u00e4rvest\u00e4 2500 kg s\u00e4rki\u00e4, salakoita ja pieni\u00e4 ahvenia. Vuonna 2002 saalism\u00e4\u00e4r\u00e4 pysyi samassa. 2003 hoitokalastus ei onnistunut toivottavalla tavalla, koska rysien kyll\u00e4stysaine ei kuivunut tarpeeksi nopeasti. T\u00e4st\u00e4 syyst\u00e4 my\u00f6h\u00e4styimme s\u00e4ren kudusta. Saalis j\u00e4i odotettua pienemm\u00e4ksi ollen reilut 1500 kg.&nbsp;Viime vuosina saalism\u00e4\u00e4r\u00e4t ovat tasaisesti pienentyneet, joten voidaan todeta hoitokalastuksen tuottaneen tulosta. Pient\u00e4 lahnaa tosin edelleen on liikaa.<\/p>\n\n\n\n<p>Turvatakseen kuhanpoikasten ruuaksi p\u00e4\u00e4tyv\u00e4t pikkukalat, kalastuskunta on pit\u00e4nyt taukoa Paunetilla kalastamisessa viime vuosien aikana.<\/p>\n\n\n\n<p>Rutaj\u00e4rvest\u00e4 on hoitokalastettu s\u00e4rki\u00e4, salakoita ja pieni\u00e4 ahvenia.<\/p>\n\n\n\n<p>Viihtyis\u00e4 Rutaj\u00e4rvi -hankkeen rahoituksella kalastuskunta hankki moottorillisen lautan ja trailerin helpottamaan hoitokalastuksen j\u00e4rjest\u00e4mist\u00e4. Lautalla hoidetaan my\u00f6s kalastusalueen nuotiopaikat kuntoon (3 kpl), niitet\u00e4\u00e4n heinikot ja yll\u00e4pidet\u00e4\u00e4n sy\u00f6tt\u00f6lavat.<\/p>\n\n\n\n<figure class=\"wp-block-image size-large is-resized\"><img loading=\"lazy\" decoding=\"async\" width=\"768\" height=\"1024\" src=\"https:\/\/pohjoispaijanteenkalatalousalue.fi\/leivonmaki\/wp-content\/uploads\/sites\/57\/2022\/08\/Sepon-puhelin-22.7.2015-064-768x1024.jpg\" alt=\"\" class=\"wp-image-295\" style=\"width:397px;height:529px\" srcset=\"https:\/\/pohjoispaijanteenkalatalousalue.fi\/leivonmaki\/wp-content\/uploads\/sites\/57\/2022\/08\/Sepon-puhelin-22.7.2015-064-768x1024.jpg 768w, https:\/\/pohjoispaijanteenkalatalousalue.fi\/leivonmaki\/wp-content\/uploads\/sites\/57\/2022\/08\/Sepon-puhelin-22.7.2015-064-225x300.jpg 225w, https:\/\/pohjoispaijanteenkalatalousalue.fi\/leivonmaki\/wp-content\/uploads\/sites\/57\/2022\/08\/Sepon-puhelin-22.7.2015-064-1152x1536.jpg 1152w, https:\/\/pohjoispaijanteenkalatalousalue.fi\/leivonmaki\/wp-content\/uploads\/sites\/57\/2022\/08\/Sepon-puhelin-22.7.2015-064.jpg 1536w\" sizes=\"auto, (max-width: 768px) 100vw, 768px\" \/><\/figure>\n\n\n\n<figure class=\"wp-block-image size-large is-resized\"><img loading=\"lazy\" decoding=\"async\" width=\"768\" height=\"1024\" src=\"https:\/\/pohjoispaijanteenkalatalousalue.fi\/leivonmaki\/wp-content\/uploads\/sites\/57\/2022\/08\/Sepon-puhelin-22.7.2015-161-768x1024.jpg\" alt=\"\" class=\"wp-image-297\" style=\"width:396px;height:528px\" srcset=\"https:\/\/pohjoispaijanteenkalatalousalue.fi\/leivonmaki\/wp-content\/uploads\/sites\/57\/2022\/08\/Sepon-puhelin-22.7.2015-161-768x1024.jpg 768w, https:\/\/pohjoispaijanteenkalatalousalue.fi\/leivonmaki\/wp-content\/uploads\/sites\/57\/2022\/08\/Sepon-puhelin-22.7.2015-161-225x300.jpg 225w, https:\/\/pohjoispaijanteenkalatalousalue.fi\/leivonmaki\/wp-content\/uploads\/sites\/57\/2022\/08\/Sepon-puhelin-22.7.2015-161-1152x1536.jpg 1152w, https:\/\/pohjoispaijanteenkalatalousalue.fi\/leivonmaki\/wp-content\/uploads\/sites\/57\/2022\/08\/Sepon-puhelin-22.7.2015-161.jpg 1536w\" sizes=\"auto, (max-width: 768px) 100vw, 768px\" \/><\/figure>\n\n\n\n<p><strong>Kaislikoiden niitt\u00e4minen<\/strong><\/p>\n\n\n\n<p>Ota yhteytt\u00e4 puheenjohtajaan ja tule tekem\u00e4\u00e4n kanssamme Viihtyis\u00e4\u00e4 Rutaj\u00e4rve\u00e4!<\/p>\n\n\n\n<figure class=\"wp-block-image size-full is-resized\"><img loading=\"lazy\" decoding=\"async\" width=\"369\" height=\"369\" src=\"https:\/\/pohjoispaijanteenkalatalousalue.fi\/leivonmaki\/wp-content\/uploads\/sites\/57\/2022\/08\/Kanava-edited.jpg\" alt=\"\" class=\"wp-image-300\" style=\"width:394px\" srcset=\"https:\/\/pohjoispaijanteenkalatalousalue.fi\/leivonmaki\/wp-content\/uploads\/sites\/57\/2022\/08\/Kanava-edited.jpg 369w, https:\/\/pohjoispaijanteenkalatalousalue.fi\/leivonmaki\/wp-content\/uploads\/sites\/57\/2022\/08\/Kanava-edited-300x300.jpg 300w, https:\/\/pohjoispaijanteenkalatalousalue.fi\/leivonmaki\/wp-content\/uploads\/sites\/57\/2022\/08\/Kanava-edited-150x150.jpg 150w\" sizes=\"auto, (max-width: 369px) 100vw, 369px\" \/><\/figure>\n\n\n\n<figure class=\"wp-block-image size-full\"><img loading=\"lazy\" decoding=\"async\" width=\"394\" height=\"700\" src=\"https:\/\/pohjoispaijanteenkalatalousalue.fi\/leivonmaki\/wp-content\/uploads\/sites\/57\/2022\/08\/Rutajarvi.jpg\" alt=\"\" class=\"wp-image-299\" srcset=\"https:\/\/pohjoispaijanteenkalatalousalue.fi\/leivonmaki\/wp-content\/uploads\/sites\/57\/2022\/08\/Rutajarvi.jpg 394w, https:\/\/pohjoispaijanteenkalatalousalue.fi\/leivonmaki\/wp-content\/uploads\/sites\/57\/2022\/08\/Rutajarvi-169x300.jpg 169w\" sizes=\"auto, (max-width: 394px) 100vw, 394px\" \/><\/figure>\n","protected":false},"excerpt":{"rendered":"<p>Yhteystiedot Puheenjohtaja Seppo Salminen\u00a0\u00a0 050 326 5463 Varapuheenjohtaja Juhani L\u00f6flund&nbsp; 050 5967032 Sijainti Toiminta Kalastuskunnalla on monenlaista toimintaa. Pyydysmerkkien myynnin lis\u00e4ksi kalastuskunta hoitaa kalakantoja istutus- ja hoitokalastustoiminnalla. Hoitokalastustoiminta parantaa osaltaan my\u00f6s Rutaj\u00e4rven ymp\u00e4rist\u00f6n tilaa. Ymp\u00e4rist\u00f6n hoitoon kuuluu my\u00f6s kaislojen niitt\u00e4minen my\u00f6s yksityisilt\u00e4 rannoilta pyydett\u00e4ess\u00e4. Istutustoiminta Leivonm\u00e4en kalastuskunta istuttaa p\u00e4\u00e4asiassa kuhaa. Kalakantoja on istutettu Salmelan kanavan<\/p>\n<p><a class=\"moretag\" href=\"https:\/\/pohjoispaijanteenkalatalousalue.fi\/leivonmaki\/tiedot\/\"> Lue lis\u00e4\u00e4 ><\/a><\/p>\n","protected":false},"author":1,"featured_media":0,"parent":0,"menu_order":0,"comment_status":"closed","ping_status":"closed","template":"basic-sivu.php","meta":{"_acf_changed":false,"footnotes":""},"class_list":["post-26","page","type-page","status-publish","hentry"],"acf":[],"yoast_head":"<!-- This site is optimized with the Yoast SEO plugin v27.1.1 - https:\/\/yoast.com\/product\/yoast-seo-wordpress\/ -->\n<title>Tiedot - Leivonm\u00e4en osakaskunta<\/title>\n<meta name=\"robots\" content=\"index, follow, max-snippet:-1, max-image-preview:large, max-video-preview:-1\" \/>\n<link rel=\"canonical\" href=\"https:\/\/pohjoispaijanteenkalatalousalue.fi\/leivonmaki\/tiedot\/\" \/>\n<meta property=\"og:locale\" content=\"fi_FI\" \/>\n<meta property=\"og:type\" content=\"article\" \/>\n<meta property=\"og:title\" content=\"Tiedot - Leivonm\u00e4en osakaskunta\" \/>\n<meta property=\"og:description\" content=\"Yhteystiedot Puheenjohtaja Seppo Salminen\u00a0\u00a0 050 326 5463 Varapuheenjohtaja Juhani L\u00f6flund&nbsp; 050 5967032 Sijainti Toiminta Kalastuskunnalla on monenlaista toimintaa. Pyydysmerkkien myynnin lis\u00e4ksi kalastuskunta hoitaa kalakantoja istutus- ja hoitokalastustoiminnalla. Hoitokalastustoiminta parantaa osaltaan my\u00f6s Rutaj\u00e4rven ymp\u00e4rist\u00f6n tilaa. Ymp\u00e4rist\u00f6n hoitoon kuuluu my\u00f6s kaislojen niitt\u00e4minen my\u00f6s yksityisilt\u00e4 rannoilta pyydett\u00e4ess\u00e4. Istutustoiminta Leivonm\u00e4en kalastuskunta istuttaa p\u00e4\u00e4asiassa kuhaa. Kalakantoja on istutettu Salmelan kanavan Lue lis\u00e4\u00e4 &gt;\" \/>\n<meta property=\"og:url\" content=\"https:\/\/pohjoispaijanteenkalatalousalue.fi\/leivonmaki\/tiedot\/\" \/>\n<meta property=\"og:site_name\" content=\"Leivonm\u00e4en osakaskunta\" \/>\n<meta property=\"article:modified_time\" content=\"2024-04-29T06:38:58+00:00\" \/>\n<meta property=\"og:image\" content=\"https:\/\/pohjoispaijanteenkalatalousalue.fi\/leivonmaki\/wp-content\/uploads\/sites\/57\/2023\/03\/leivonmaen-ok-1024x724.png\" \/>\n<meta name=\"twitter:card\" content=\"summary_large_image\" \/>\n<meta name=\"twitter:label1\" content=\"Arvioitu lukuaika\" \/>\n\t<meta name=\"twitter:data1\" content=\"4 minuuttia\" \/>\n<script type=\"application\/ld+json\" class=\"yoast-schema-graph\">{\"@context\":\"https:\/\/schema.org\",\"@graph\":[{\"@type\":\"WebPage\",\"@id\":\"https:\/\/pohjoispaijanteenkalatalousalue.fi\/leivonmaki\/tiedot\/\",\"url\":\"https:\/\/pohjoispaijanteenkalatalousalue.fi\/leivonmaki\/tiedot\/\",\"name\":\"Tiedot - Leivonm\u00e4en osakaskunta\",\"isPartOf\":{\"@id\":\"https:\/\/pohjoispaijanteenkalatalousalue.fi\/leivonmaki\/#website\"},\"primaryImageOfPage\":{\"@id\":\"https:\/\/pohjoispaijanteenkalatalousalue.fi\/leivonmaki\/tiedot\/#primaryimage\"},\"image\":{\"@id\":\"https:\/\/pohjoispaijanteenkalatalousalue.fi\/leivonmaki\/tiedot\/#primaryimage\"},\"thumbnailUrl\":\"https:\/\/pohjoispaijanteenkalatalousalue.fi\/leivonmaki\/wp-content\/uploads\/sites\/57\/2023\/03\/leivonmaen-ok-1024x724.png\",\"datePublished\":\"2020-10-29T08:31:59+00:00\",\"dateModified\":\"2024-04-29T06:38:58+00:00\",\"breadcrumb\":{\"@id\":\"https:\/\/pohjoispaijanteenkalatalousalue.fi\/leivonmaki\/tiedot\/#breadcrumb\"},\"inLanguage\":\"fi\",\"potentialAction\":[{\"@type\":\"ReadAction\",\"target\":[\"https:\/\/pohjoispaijanteenkalatalousalue.fi\/leivonmaki\/tiedot\/\"]}]},{\"@type\":\"ImageObject\",\"inLanguage\":\"fi\",\"@id\":\"https:\/\/pohjoispaijanteenkalatalousalue.fi\/leivonmaki\/tiedot\/#primaryimage\",\"url\":\"https:\/\/pohjoispaijanteenkalatalousalue.fi\/leivonmaki\/wp-content\/uploads\/sites\/57\/2023\/03\/leivonmaen-ok.png\",\"contentUrl\":\"https:\/\/pohjoispaijanteenkalatalousalue.fi\/leivonmaki\/wp-content\/uploads\/sites\/57\/2023\/03\/leivonmaen-ok.png\",\"width\":7015,\"height\":4960},{\"@type\":\"BreadcrumbList\",\"@id\":\"https:\/\/pohjoispaijanteenkalatalousalue.fi\/leivonmaki\/tiedot\/#breadcrumb\",\"itemListElement\":[{\"@type\":\"ListItem\",\"position\":1,\"name\":\"Home\",\"item\":\"https:\/\/pohjoispaijanteenkalatalousalue.fi\/leivonmaki\/\"},{\"@type\":\"ListItem\",\"position\":2,\"name\":\"Tiedot\"}]},{\"@type\":\"WebSite\",\"@id\":\"https:\/\/pohjoispaijanteenkalatalousalue.fi\/leivonmaki\/#website\",\"url\":\"https:\/\/pohjoispaijanteenkalatalousalue.fi\/leivonmaki\/\",\"name\":\"Leivonm\u00e4en osakaskunta\",\"description\":\"\",\"potentialAction\":[{\"@type\":\"SearchAction\",\"target\":{\"@type\":\"EntryPoint\",\"urlTemplate\":\"https:\/\/pohjoispaijanteenkalatalousalue.fi\/leivonmaki\/?s={search_term_string}\"},\"query-input\":{\"@type\":\"PropertyValueSpecification\",\"valueRequired\":true,\"valueName\":\"search_term_string\"}}],\"inLanguage\":\"fi\"}]}<\/script>\n<!-- \/ Yoast SEO plugin. -->","yoast_head_json":{"title":"Tiedot - Leivonm\u00e4en osakaskunta","robots":{"index":"index","follow":"follow","max-snippet":"max-snippet:-1","max-image-preview":"max-image-preview:large","max-video-preview":"max-video-preview:-1"},"canonical":"https:\/\/pohjoispaijanteenkalatalousalue.fi\/leivonmaki\/tiedot\/","og_locale":"fi_FI","og_type":"article","og_title":"Tiedot - Leivonm\u00e4en osakaskunta","og_description":"Yhteystiedot Puheenjohtaja Seppo Salminen\u00a0\u00a0 050 326 5463 Varapuheenjohtaja Juhani L\u00f6flund&nbsp; 050 5967032 Sijainti Toiminta Kalastuskunnalla on monenlaista toimintaa. Pyydysmerkkien myynnin lis\u00e4ksi kalastuskunta hoitaa kalakantoja istutus- ja hoitokalastustoiminnalla. Hoitokalastustoiminta parantaa osaltaan my\u00f6s Rutaj\u00e4rven ymp\u00e4rist\u00f6n tilaa. Ymp\u00e4rist\u00f6n hoitoon kuuluu my\u00f6s kaislojen niitt\u00e4minen my\u00f6s yksityisilt\u00e4 rannoilta pyydett\u00e4ess\u00e4. Istutustoiminta Leivonm\u00e4en kalastuskunta istuttaa p\u00e4\u00e4asiassa kuhaa. Kalakantoja on istutettu Salmelan kanavan Lue lis\u00e4\u00e4 >","og_url":"https:\/\/pohjoispaijanteenkalatalousalue.fi\/leivonmaki\/tiedot\/","og_site_name":"Leivonm\u00e4en osakaskunta","article_modified_time":"2024-04-29T06:38:58+00:00","og_image":[{"url":"https:\/\/pohjoispaijanteenkalatalousalue.fi\/leivonmaki\/wp-content\/uploads\/sites\/57\/2023\/03\/leivonmaen-ok-1024x724.png","type":"","width":"","height":""}],"twitter_card":"summary_large_image","twitter_misc":{"Arvioitu lukuaika":"4 minuuttia"},"schema":{"@context":"https:\/\/schema.org","@graph":[{"@type":"WebPage","@id":"https:\/\/pohjoispaijanteenkalatalousalue.fi\/leivonmaki\/tiedot\/","url":"https:\/\/pohjoispaijanteenkalatalousalue.fi\/leivonmaki\/tiedot\/","name":"Tiedot - Leivonm\u00e4en osakaskunta","isPartOf":{"@id":"https:\/\/pohjoispaijanteenkalatalousalue.fi\/leivonmaki\/#website"},"primaryImageOfPage":{"@id":"https:\/\/pohjoispaijanteenkalatalousalue.fi\/leivonmaki\/tiedot\/#primaryimage"},"image":{"@id":"https:\/\/pohjoispaijanteenkalatalousalue.fi\/leivonmaki\/tiedot\/#primaryimage"},"thumbnailUrl":"https:\/\/pohjoispaijanteenkalatalousalue.fi\/leivonmaki\/wp-content\/uploads\/sites\/57\/2023\/03\/leivonmaen-ok-1024x724.png","datePublished":"2020-10-29T08:31:59+00:00","dateModified":"2024-04-29T06:38:58+00:00","breadcrumb":{"@id":"https:\/\/pohjoispaijanteenkalatalousalue.fi\/leivonmaki\/tiedot\/#breadcrumb"},"inLanguage":"fi","potentialAction":[{"@type":"ReadAction","target":["https:\/\/pohjoispaijanteenkalatalousalue.fi\/leivonmaki\/tiedot\/"]}]},{"@type":"ImageObject","inLanguage":"fi","@id":"https:\/\/pohjoispaijanteenkalatalousalue.fi\/leivonmaki\/tiedot\/#primaryimage","url":"https:\/\/pohjoispaijanteenkalatalousalue.fi\/leivonmaki\/wp-content\/uploads\/sites\/57\/2023\/03\/leivonmaen-ok.png","contentUrl":"https:\/\/pohjoispaijanteenkalatalousalue.fi\/leivonmaki\/wp-content\/uploads\/sites\/57\/2023\/03\/leivonmaen-ok.png","width":7015,"height":4960},{"@type":"BreadcrumbList","@id":"https:\/\/pohjoispaijanteenkalatalousalue.fi\/leivonmaki\/tiedot\/#breadcrumb","itemListElement":[{"@type":"ListItem","position":1,"name":"Home","item":"https:\/\/pohjoispaijanteenkalatalousalue.fi\/leivonmaki\/"},{"@type":"ListItem","position":2,"name":"Tiedot"}]},{"@type":"WebSite","@id":"https:\/\/pohjoispaijanteenkalatalousalue.fi\/leivonmaki\/#website","url":"https:\/\/pohjoispaijanteenkalatalousalue.fi\/leivonmaki\/","name":"Leivonm\u00e4en osakaskunta","description":"","potentialAction":[{"@type":"SearchAction","target":{"@type":"EntryPoint","urlTemplate":"https:\/\/pohjoispaijanteenkalatalousalue.fi\/leivonmaki\/?s={search_term_string}"},"query-input":{"@type":"PropertyValueSpecification","valueRequired":true,"valueName":"search_term_string"}}],"inLanguage":"fi"}]}},"_links":{"self":[{"href":"https:\/\/pohjoispaijanteenkalatalousalue.fi\/leivonmaki\/wp-json\/wp\/v2\/pages\/26","targetHints":{"allow":["GET"]}}],"collection":[{"href":"https:\/\/pohjoispaijanteenkalatalousalue.fi\/leivonmaki\/wp-json\/wp\/v2\/pages"}],"about":[{"href":"https:\/\/pohjoispaijanteenkalatalousalue.fi\/leivonmaki\/wp-json\/wp\/v2\/types\/page"}],"author":[{"embeddable":true,"href":"https:\/\/pohjoispaijanteenkalatalousalue.fi\/leivonmaki\/wp-json\/wp\/v2\/users\/1"}],"replies":[{"embeddable":true,"href":"https:\/\/pohjoispaijanteenkalatalousalue.fi\/leivonmaki\/wp-json\/wp\/v2\/comments?post=26"}],"version-history":[{"count":21,"href":"https:\/\/pohjoispaijanteenkalatalousalue.fi\/leivonmaki\/wp-json\/wp\/v2\/pages\/26\/revisions"}],"predecessor-version":[{"id":330,"href":"https:\/\/pohjoispaijanteenkalatalousalue.fi\/leivonmaki\/wp-json\/wp\/v2\/pages\/26\/revisions\/330"}],"wp:attachment":[{"href":"https:\/\/pohjoispaijanteenkalatalousalue.fi\/leivonmaki\/wp-json\/wp\/v2\/media?parent=26"}],"curies":[{"name":"wp","href":"https:\/\/api.w.org\/{rel}","templated":true}]}}