{"id":80,"date":"2020-10-29T11:28:31","date_gmt":"2020-10-29T11:28:31","guid":{"rendered":"http:\/\/89.166.51.80\/~pohjoispaij\/judinsalo\/?page_id=80"},"modified":"2021-01-14T12:35:59","modified_gmt":"2021-01-14T12:35:59","slug":"linkit","status":"publish","type":"page","link":"https:\/\/pohjoispaijanteenkalatalousalue.fi\/judinsalo\/linkit\/","title":{"rendered":"Linkit"},"content":{"rendered":"\n<h2 class=\"wp-block-heading\">Linkit<\/h2>\n\n\n\n<p><strong>T\u00e4lle sivulle on ker\u00e4tty keskeisi\u00e4 toimijoita, joiden kanssa osakaskunta joutuu asioimaan ja joilta saamme tietoa. Judinsalon osakaskunnan puolesta, kotisivujen tekij\u00e4n\u00e4, kiit\u00e4n allaolevia tahoja hyv\u00e4st\u00e4 aineistosta ja saadusta avusta&nbsp;t\u00e4ss\u00e4 ty\u00f6ss\u00e4mme.<\/strong><\/p>\n\n\n\n<p><strong>Reijo Oinonen, osakaskunnan puheenjohtaja.<\/strong><\/p>\n\n\n\n<p><em><a href=\"http:\/\/www.pohjoispaijanteenkalastusalue.fi\/\" target=\"_blank\" rel=\"noreferrer noopener\">Pohjois-P\u00e4ij\u00e4nteen Kalastusalue (www)<\/a><\/em><\/p>\n\n\n\n<p><em><a href=\"http:\/\/www.kskalatalouskeskus.fi\/\" target=\"_blank\" rel=\"noreferrer noopener\">Keski-Suomen Kalatalouskeskus (www)<\/a><\/em><\/p>\n\n\n\n<p><em><a href=\"http:\/\/www.ekpk.fi\/\" target=\"_blank\" rel=\"noreferrer noopener\">Etel\u00e4- ja Keski-P\u00e4ij\u00e4nteen Kalastusalue (www)<\/a><\/em><\/p>\n\n\n\n<p><em><a href=\"http:\/\/www.ely-keskus.fi\/web\/ely\/ely-keski-suomi-tehtavat-ja-toiminta;jsessionid=4AEF429AF46BF2E5C735017FCA0287F5?p_p_id=122_INSTANCE_aluevalinta&amp;p_p_lifecycle=0&amp;p_p_state=normal&amp;p_p_mode=view&amp;p_r_p_564233524_resetCur=true&amp;p_r_p_564233524_categoryId=14400\" target=\"_blank\" rel=\"noreferrer noopener\">ELY-keskus Keski-Suomi &#8211; Teht\u00e4v\u00e4t ja toiminta Keski-Suomi (www)<\/a><\/em><\/p>\n\n\n\n<p><em><a href=\"http:\/\/www.ahven.net\/\" target=\"_blank\" rel=\"noreferrer noopener\">Ahven.net Kalatalouden Keskusliitto (www)<\/a><\/em><\/p>\n\n\n\n<p><em><a href=\"http:\/\/www.rktl.fi\/kala\/\" target=\"_blank\" rel=\"noreferrer noopener\">Riista- ja kalatalouden tutkimuslaitos &#8211; Kalantutkimus (www)<\/a><\/em><\/p>\n\n\n\n<p><em><a href=\"http:\/\/www.mmm.fi\/fi\/index\/etusivu.html\" target=\"_blank\" rel=\"noreferrer noopener\">Maa- ja mets\u00e4talousministeri\u00f6 (www)<\/a><\/em><\/p>\n\n\n\n<p><em><a href=\"http:\/\/www.evira.fi\/files\/attachments\/fi\/vers4_ohje_kalasiirrot_ja_istutukset.pdf\" target=\"_blank\" rel=\"noreferrer noopener\">Evira &#8211; Ohje kalojen ja rapujen siirt\u00e4jille ja istuttajille (www)<\/a><\/em><\/p>\n\n\n\n<p><em><a href=\"http:\/\/www.maanmittauslaitos.fi\/\" target=\"_blank\" rel=\"noreferrer noopener\">Maanmittauslaitos&nbsp;(www)<\/a><\/em><\/p>\n\n\n\n<p><em><a href=\"http:\/\/www.ymparisto.fi\/\" target=\"_blank\" rel=\"noreferrer noopener\">Ymp\u00e4rist\u00f6hallinnon yhteinen&nbsp;verkkopalvelu (www)<\/a><\/em><\/p>\n\n\n\n<p><em><a href=\"http:\/\/www.luhanka.fi\/\" target=\"_blank\" rel=\"noreferrer noopener\">Luhangan kunta (www)<\/a><\/em><\/p>\n","protected":false},"excerpt":{"rendered":"<p>Linkit T\u00e4lle sivulle on ker\u00e4tty keskeisi\u00e4 toimijoita, joiden kanssa osakaskunta joutuu asioimaan ja joilta saamme tietoa. Judinsalon osakaskunnan puolesta, kotisivujen tekij\u00e4n\u00e4, kiit\u00e4n allaolevia tahoja hyv\u00e4st\u00e4 aineistosta ja saadusta avusta&nbsp;t\u00e4ss\u00e4 ty\u00f6ss\u00e4mme. Reijo Oinonen, osakaskunnan puheenjohtaja. Pohjois-P\u00e4ij\u00e4nteen Kalastusalue (www) Keski-Suomen Kalatalouskeskus (www) Etel\u00e4- ja Keski-P\u00e4ij\u00e4nteen Kalastusalue (www) ELY-keskus Keski-Suomi &#8211; Teht\u00e4v\u00e4t ja toiminta Keski-Suomi (www) Ahven.net Kalatalouden<\/p>\n<p><a class=\"moretag\" href=\"https:\/\/pohjoispaijanteenkalatalousalue.fi\/judinsalo\/linkit\/\"> Lue lis\u00e4\u00e4 ><\/a><\/p>\n","protected":false},"author":1,"featured_media":0,"parent":0,"menu_order":0,"comment_status":"closed","ping_status":"closed","template":"basic-sivu.php","meta":{"_acf_changed":false,"footnotes":""},"class_list":["post-80","page","type-page","status-publish","hentry"],"acf":[],"yoast_head":"<!-- This site is optimized with the Yoast SEO plugin v27.1.1 - https:\/\/yoast.com\/product\/yoast-seo-wordpress\/ -->\n<title>Linkit - Judinsalon osakaskunta<\/title>\n<meta name=\"robots\" content=\"index, follow, max-snippet:-1, max-image-preview:large, max-video-preview:-1\" \/>\n<link rel=\"canonical\" href=\"https:\/\/pohjoispaijanteenkalatalousalue.fi\/judinsalo\/linkit\/\" \/>\n<meta property=\"og:locale\" content=\"fi_FI\" \/>\n<meta property=\"og:type\" content=\"article\" \/>\n<meta property=\"og:title\" content=\"Linkit - Judinsalon osakaskunta\" \/>\n<meta property=\"og:description\" content=\"Linkit T\u00e4lle sivulle on ker\u00e4tty keskeisi\u00e4 toimijoita, joiden kanssa osakaskunta joutuu asioimaan ja joilta saamme tietoa. Judinsalon osakaskunnan puolesta, kotisivujen tekij\u00e4n\u00e4, kiit\u00e4n allaolevia tahoja hyv\u00e4st\u00e4 aineistosta ja saadusta avusta&nbsp;t\u00e4ss\u00e4 ty\u00f6ss\u00e4mme. Reijo Oinonen, osakaskunnan puheenjohtaja. Pohjois-P\u00e4ij\u00e4nteen Kalastusalue (www) Keski-Suomen Kalatalouskeskus (www) Etel\u00e4- ja Keski-P\u00e4ij\u00e4nteen Kalastusalue (www) ELY-keskus Keski-Suomi &#8211; Teht\u00e4v\u00e4t ja toiminta Keski-Suomi (www) Ahven.net Kalatalouden Lue lis\u00e4\u00e4 &gt;\" \/>\n<meta property=\"og:url\" content=\"https:\/\/pohjoispaijanteenkalatalousalue.fi\/judinsalo\/linkit\/\" \/>\n<meta property=\"og:site_name\" content=\"Judinsalon osakaskunta\" \/>\n<meta property=\"article:modified_time\" content=\"2021-01-14T12:35:59+00:00\" \/>\n<meta name=\"twitter:card\" content=\"summary_large_image\" \/>\n<meta name=\"twitter:label1\" content=\"Arvioitu lukuaika\" \/>\n\t<meta name=\"twitter:data1\" content=\"1 minuutti\" \/>\n<script type=\"application\/ld+json\" class=\"yoast-schema-graph\">{\"@context\":\"https:\/\/schema.org\",\"@graph\":[{\"@type\":\"WebPage\",\"@id\":\"https:\/\/pohjoispaijanteenkalatalousalue.fi\/judinsalo\/linkit\/\",\"url\":\"https:\/\/pohjoispaijanteenkalatalousalue.fi\/judinsalo\/linkit\/\",\"name\":\"Linkit - Judinsalon osakaskunta\",\"isPartOf\":{\"@id\":\"https:\/\/pohjoispaijanteenkalatalousalue.fi\/judinsalo\/#website\"},\"datePublished\":\"2020-10-29T11:28:31+00:00\",\"dateModified\":\"2021-01-14T12:35:59+00:00\",\"breadcrumb\":{\"@id\":\"https:\/\/pohjoispaijanteenkalatalousalue.fi\/judinsalo\/linkit\/#breadcrumb\"},\"inLanguage\":\"fi\",\"potentialAction\":[{\"@type\":\"ReadAction\",\"target\":[\"https:\/\/pohjoispaijanteenkalatalousalue.fi\/judinsalo\/linkit\/\"]}]},{\"@type\":\"BreadcrumbList\",\"@id\":\"https:\/\/pohjoispaijanteenkalatalousalue.fi\/judinsalo\/linkit\/#breadcrumb\",\"itemListElement\":[{\"@type\":\"ListItem\",\"position\":1,\"name\":\"Home\",\"item\":\"https:\/\/pohjoispaijanteenkalatalousalue.fi\/judinsalo\/\"},{\"@type\":\"ListItem\",\"position\":2,\"name\":\"Linkit\"}]},{\"@type\":\"WebSite\",\"@id\":\"https:\/\/pohjoispaijanteenkalatalousalue.fi\/judinsalo\/#website\",\"url\":\"https:\/\/pohjoispaijanteenkalatalousalue.fi\/judinsalo\/\",\"name\":\"Judinsalon osakaskunta\",\"description\":\"\",\"potentialAction\":[{\"@type\":\"SearchAction\",\"target\":{\"@type\":\"EntryPoint\",\"urlTemplate\":\"https:\/\/pohjoispaijanteenkalatalousalue.fi\/judinsalo\/?s={search_term_string}\"},\"query-input\":{\"@type\":\"PropertyValueSpecification\",\"valueRequired\":true,\"valueName\":\"search_term_string\"}}],\"inLanguage\":\"fi\"}]}<\/script>\n<!-- \/ Yoast SEO plugin. -->","yoast_head_json":{"title":"Linkit - Judinsalon osakaskunta","robots":{"index":"index","follow":"follow","max-snippet":"max-snippet:-1","max-image-preview":"max-image-preview:large","max-video-preview":"max-video-preview:-1"},"canonical":"https:\/\/pohjoispaijanteenkalatalousalue.fi\/judinsalo\/linkit\/","og_locale":"fi_FI","og_type":"article","og_title":"Linkit - Judinsalon osakaskunta","og_description":"Linkit T\u00e4lle sivulle on ker\u00e4tty keskeisi\u00e4 toimijoita, joiden kanssa osakaskunta joutuu asioimaan ja joilta saamme tietoa. Judinsalon osakaskunnan puolesta, kotisivujen tekij\u00e4n\u00e4, kiit\u00e4n allaolevia tahoja hyv\u00e4st\u00e4 aineistosta ja saadusta avusta&nbsp;t\u00e4ss\u00e4 ty\u00f6ss\u00e4mme. Reijo Oinonen, osakaskunnan puheenjohtaja. Pohjois-P\u00e4ij\u00e4nteen Kalastusalue (www) Keski-Suomen Kalatalouskeskus (www) Etel\u00e4- ja Keski-P\u00e4ij\u00e4nteen Kalastusalue (www) ELY-keskus Keski-Suomi &#8211; Teht\u00e4v\u00e4t ja toiminta Keski-Suomi (www) Ahven.net Kalatalouden Lue lis\u00e4\u00e4 >","og_url":"https:\/\/pohjoispaijanteenkalatalousalue.fi\/judinsalo\/linkit\/","og_site_name":"Judinsalon osakaskunta","article_modified_time":"2021-01-14T12:35:59+00:00","twitter_card":"summary_large_image","twitter_misc":{"Arvioitu lukuaika":"1 minuutti"},"schema":{"@context":"https:\/\/schema.org","@graph":[{"@type":"WebPage","@id":"https:\/\/pohjoispaijanteenkalatalousalue.fi\/judinsalo\/linkit\/","url":"https:\/\/pohjoispaijanteenkalatalousalue.fi\/judinsalo\/linkit\/","name":"Linkit - Judinsalon osakaskunta","isPartOf":{"@id":"https:\/\/pohjoispaijanteenkalatalousalue.fi\/judinsalo\/#website"},"datePublished":"2020-10-29T11:28:31+00:00","dateModified":"2021-01-14T12:35:59+00:00","breadcrumb":{"@id":"https:\/\/pohjoispaijanteenkalatalousalue.fi\/judinsalo\/linkit\/#breadcrumb"},"inLanguage":"fi","potentialAction":[{"@type":"ReadAction","target":["https:\/\/pohjoispaijanteenkalatalousalue.fi\/judinsalo\/linkit\/"]}]},{"@type":"BreadcrumbList","@id":"https:\/\/pohjoispaijanteenkalatalousalue.fi\/judinsalo\/linkit\/#breadcrumb","itemListElement":[{"@type":"ListItem","position":1,"name":"Home","item":"https:\/\/pohjoispaijanteenkalatalousalue.fi\/judinsalo\/"},{"@type":"ListItem","position":2,"name":"Linkit"}]},{"@type":"WebSite","@id":"https:\/\/pohjoispaijanteenkalatalousalue.fi\/judinsalo\/#website","url":"https:\/\/pohjoispaijanteenkalatalousalue.fi\/judinsalo\/","name":"Judinsalon osakaskunta","description":"","potentialAction":[{"@type":"SearchAction","target":{"@type":"EntryPoint","urlTemplate":"https:\/\/pohjoispaijanteenkalatalousalue.fi\/judinsalo\/?s={search_term_string}"},"query-input":{"@type":"PropertyValueSpecification","valueRequired":true,"valueName":"search_term_string"}}],"inLanguage":"fi"}]}},"_links":{"self":[{"href":"https:\/\/pohjoispaijanteenkalatalousalue.fi\/judinsalo\/wp-json\/wp\/v2\/pages\/80","targetHints":{"allow":["GET"]}}],"collection":[{"href":"https:\/\/pohjoispaijanteenkalatalousalue.fi\/judinsalo\/wp-json\/wp\/v2\/pages"}],"about":[{"href":"https:\/\/pohjoispaijanteenkalatalousalue.fi\/judinsalo\/wp-json\/wp\/v2\/types\/page"}],"author":[{"embeddable":true,"href":"https:\/\/pohjoispaijanteenkalatalousalue.fi\/judinsalo\/wp-json\/wp\/v2\/users\/1"}],"replies":[{"embeddable":true,"href":"https:\/\/pohjoispaijanteenkalatalousalue.fi\/judinsalo\/wp-json\/wp\/v2\/comments?post=80"}],"version-history":[{"count":8,"href":"https:\/\/pohjoispaijanteenkalatalousalue.fi\/judinsalo\/wp-json\/wp\/v2\/pages\/80\/revisions"}],"predecessor-version":[{"id":289,"href":"https:\/\/pohjoispaijanteenkalatalousalue.fi\/judinsalo\/wp-json\/wp\/v2\/pages\/80\/revisions\/289"}],"wp:attachment":[{"href":"https:\/\/pohjoispaijanteenkalatalousalue.fi\/judinsalo\/wp-json\/wp\/v2\/media?parent=80"}],"curies":[{"name":"wp","href":"https:\/\/api.w.org\/{rel}","templated":true}]}}