{"id":262,"date":"2021-01-14T12:15:59","date_gmt":"2021-01-14T12:15:59","guid":{"rendered":"http:\/\/89.166.51.80\/~pohjoispaij\/judinsalo\/?page_id=262"},"modified":"2021-01-14T12:16:00","modified_gmt":"2021-01-14T12:16:00","slug":"lausuntopyynnot-ja-lausunnot","status":"publish","type":"page","link":"https:\/\/pohjoispaijanteenkalatalousalue.fi\/judinsalo\/toiminta\/lausuntopyynnot-ja-lausunnot\/","title":{"rendered":"Lausuntopyynn\u00f6t ja lausunnot"},"content":{"rendered":"\n<h2 class=\"wp-block-heading\">Lausuntopyynn\u00f6t ja lausunnot<\/h2>\n\n\n\n<p><strong>Edunvalvonta<\/strong><\/p>\n\n\n\n<p>Vesialueille kohdistuu usein monenlaisia k\u00e4ytt\u00f6paineita. Joskus vesialueelle kohdistuu rakennushankkeita, joista omistajalla ei ole p\u00e4\u00e4t\u00e4nt\u00e4valtaa, vaan hankkeelle my\u00f6nnet\u00e4\u00e4n viranomaisluvan my\u00f6t\u00e4 lupa k\u00e4ytt\u00e4\u00e4 toiselle kuuluvaa aluetta. N\u00e4iss\u00e4 tilanteissa omistaja on kuitenkin aina asianosainen, ja h\u00e4nell\u00e4 on oikeus vaikuttaa viranomaisen p\u00e4\u00e4t\u00f6ksen sis\u00e4lt\u00f6\u00f6n. Jos alue lunastetaan tai sit\u00e4 k\u00e4ytet\u00e4\u00e4n omistajan tahdon vastaisesti, t\u00e4st\u00e4 on my\u00f6s oikeus saada korvaus.<\/p>\n\n\n\n<p>Osakaskunnan t\u00e4ytyy olla aktiivinen ja vaatia oikeuksiensa toteutumista. Aktiivisuutta tarvitaan ymp\u00e4rist\u00f6lupa-asioiden lis\u00e4ksi esimerkiksi, jos ranta-aluetta kaavoitetaan tai jos veden pohjalle halutaan vet\u00e4\u00e4 s\u00e4hk\u00f6kaapeleita, vesijohtoja tai maal\u00e4mp\u00f6putkistoja.<\/p>\n\n\n\n<p><strong>Lausuntopyynn\u00f6t ja lausunnot<\/strong><\/p>\n\n\n\n<p>Ei lausuntopyynt\u00f6j\u00e4 t\u00e4ll\u00e4 hetkell\u00e4.<\/p>\n","protected":false},"excerpt":{"rendered":"<p>Lausuntopyynn\u00f6t ja lausunnot Edunvalvonta Vesialueille kohdistuu usein monenlaisia k\u00e4ytt\u00f6paineita. Joskus vesialueelle kohdistuu rakennushankkeita, joista omistajalla ei ole p\u00e4\u00e4t\u00e4nt\u00e4valtaa, vaan hankkeelle my\u00f6nnet\u00e4\u00e4n viranomaisluvan my\u00f6t\u00e4 lupa k\u00e4ytt\u00e4\u00e4 toiselle kuuluvaa aluetta. N\u00e4iss\u00e4 tilanteissa omistaja on kuitenkin aina asianosainen, ja h\u00e4nell\u00e4 on oikeus vaikuttaa viranomaisen p\u00e4\u00e4t\u00f6ksen sis\u00e4lt\u00f6\u00f6n. Jos alue lunastetaan tai sit\u00e4 k\u00e4ytet\u00e4\u00e4n omistajan tahdon vastaisesti, t\u00e4st\u00e4 on my\u00f6s<\/p>\n<p><a class=\"moretag\" href=\"https:\/\/pohjoispaijanteenkalatalousalue.fi\/judinsalo\/toiminta\/lausuntopyynnot-ja-lausunnot\/\"> Lue lis\u00e4\u00e4 ><\/a><\/p>\n","protected":false},"author":1,"featured_media":0,"parent":250,"menu_order":0,"comment_status":"closed","ping_status":"closed","template":"basic-sivu.php","meta":{"_acf_changed":false,"footnotes":""},"class_list":["post-262","page","type-page","status-publish","hentry"],"acf":[],"yoast_head":"<!-- This site is optimized with the Yoast SEO plugin v27.1.1 - https:\/\/yoast.com\/product\/yoast-seo-wordpress\/ -->\n<title>Lausuntopyynn\u00f6t ja lausunnot - Judinsalon osakaskunta<\/title>\n<meta name=\"robots\" content=\"index, follow, max-snippet:-1, max-image-preview:large, max-video-preview:-1\" \/>\n<link rel=\"canonical\" href=\"https:\/\/pohjoispaijanteenkalatalousalue.fi\/judinsalo\/toiminta\/lausuntopyynnot-ja-lausunnot\/\" \/>\n<meta property=\"og:locale\" content=\"fi_FI\" \/>\n<meta property=\"og:type\" content=\"article\" \/>\n<meta property=\"og:title\" content=\"Lausuntopyynn\u00f6t ja lausunnot - Judinsalon osakaskunta\" \/>\n<meta property=\"og:description\" content=\"Lausuntopyynn\u00f6t ja lausunnot Edunvalvonta Vesialueille kohdistuu usein monenlaisia k\u00e4ytt\u00f6paineita. Joskus vesialueelle kohdistuu rakennushankkeita, joista omistajalla ei ole p\u00e4\u00e4t\u00e4nt\u00e4valtaa, vaan hankkeelle my\u00f6nnet\u00e4\u00e4n viranomaisluvan my\u00f6t\u00e4 lupa k\u00e4ytt\u00e4\u00e4 toiselle kuuluvaa aluetta. N\u00e4iss\u00e4 tilanteissa omistaja on kuitenkin aina asianosainen, ja h\u00e4nell\u00e4 on oikeus vaikuttaa viranomaisen p\u00e4\u00e4t\u00f6ksen sis\u00e4lt\u00f6\u00f6n. Jos alue lunastetaan tai sit\u00e4 k\u00e4ytet\u00e4\u00e4n omistajan tahdon vastaisesti, t\u00e4st\u00e4 on my\u00f6s Lue lis\u00e4\u00e4 &gt;\" \/>\n<meta property=\"og:url\" content=\"https:\/\/pohjoispaijanteenkalatalousalue.fi\/judinsalo\/toiminta\/lausuntopyynnot-ja-lausunnot\/\" \/>\n<meta property=\"og:site_name\" content=\"Judinsalon osakaskunta\" \/>\n<meta property=\"article:modified_time\" content=\"2021-01-14T12:16:00+00:00\" \/>\n<meta name=\"twitter:card\" content=\"summary_large_image\" \/>\n<meta name=\"twitter:label1\" content=\"Arvioitu lukuaika\" \/>\n\t<meta name=\"twitter:data1\" content=\"1 minuutti\" \/>\n<script type=\"application\/ld+json\" class=\"yoast-schema-graph\">{\"@context\":\"https:\/\/schema.org\",\"@graph\":[{\"@type\":\"WebPage\",\"@id\":\"https:\/\/pohjoispaijanteenkalatalousalue.fi\/judinsalo\/toiminta\/lausuntopyynnot-ja-lausunnot\/\",\"url\":\"https:\/\/pohjoispaijanteenkalatalousalue.fi\/judinsalo\/toiminta\/lausuntopyynnot-ja-lausunnot\/\",\"name\":\"Lausuntopyynn\u00f6t ja lausunnot - Judinsalon osakaskunta\",\"isPartOf\":{\"@id\":\"https:\/\/pohjoispaijanteenkalatalousalue.fi\/judinsalo\/#website\"},\"datePublished\":\"2021-01-14T12:15:59+00:00\",\"dateModified\":\"2021-01-14T12:16:00+00:00\",\"breadcrumb\":{\"@id\":\"https:\/\/pohjoispaijanteenkalatalousalue.fi\/judinsalo\/toiminta\/lausuntopyynnot-ja-lausunnot\/#breadcrumb\"},\"inLanguage\":\"fi\",\"potentialAction\":[{\"@type\":\"ReadAction\",\"target\":[\"https:\/\/pohjoispaijanteenkalatalousalue.fi\/judinsalo\/toiminta\/lausuntopyynnot-ja-lausunnot\/\"]}]},{\"@type\":\"BreadcrumbList\",\"@id\":\"https:\/\/pohjoispaijanteenkalatalousalue.fi\/judinsalo\/toiminta\/lausuntopyynnot-ja-lausunnot\/#breadcrumb\",\"itemListElement\":[{\"@type\":\"ListItem\",\"position\":1,\"name\":\"Home\",\"item\":\"https:\/\/pohjoispaijanteenkalatalousalue.fi\/judinsalo\/\"},{\"@type\":\"ListItem\",\"position\":2,\"name\":\"Yksityinen: Toiminta\",\"item\":\"https:\/\/pohjoispaijanteenkalatalousalue.fi\/judinsalo\/?page_id=250\"},{\"@type\":\"ListItem\",\"position\":3,\"name\":\"Lausuntopyynn\u00f6t ja lausunnot\"}]},{\"@type\":\"WebSite\",\"@id\":\"https:\/\/pohjoispaijanteenkalatalousalue.fi\/judinsalo\/#website\",\"url\":\"https:\/\/pohjoispaijanteenkalatalousalue.fi\/judinsalo\/\",\"name\":\"Judinsalon osakaskunta\",\"description\":\"\",\"potentialAction\":[{\"@type\":\"SearchAction\",\"target\":{\"@type\":\"EntryPoint\",\"urlTemplate\":\"https:\/\/pohjoispaijanteenkalatalousalue.fi\/judinsalo\/?s={search_term_string}\"},\"query-input\":{\"@type\":\"PropertyValueSpecification\",\"valueRequired\":true,\"valueName\":\"search_term_string\"}}],\"inLanguage\":\"fi\"}]}<\/script>\n<!-- \/ Yoast SEO plugin. -->","yoast_head_json":{"title":"Lausuntopyynn\u00f6t ja lausunnot - Judinsalon osakaskunta","robots":{"index":"index","follow":"follow","max-snippet":"max-snippet:-1","max-image-preview":"max-image-preview:large","max-video-preview":"max-video-preview:-1"},"canonical":"https:\/\/pohjoispaijanteenkalatalousalue.fi\/judinsalo\/toiminta\/lausuntopyynnot-ja-lausunnot\/","og_locale":"fi_FI","og_type":"article","og_title":"Lausuntopyynn\u00f6t ja lausunnot - Judinsalon osakaskunta","og_description":"Lausuntopyynn\u00f6t ja lausunnot Edunvalvonta Vesialueille kohdistuu usein monenlaisia k\u00e4ytt\u00f6paineita. Joskus vesialueelle kohdistuu rakennushankkeita, joista omistajalla ei ole p\u00e4\u00e4t\u00e4nt\u00e4valtaa, vaan hankkeelle my\u00f6nnet\u00e4\u00e4n viranomaisluvan my\u00f6t\u00e4 lupa k\u00e4ytt\u00e4\u00e4 toiselle kuuluvaa aluetta. N\u00e4iss\u00e4 tilanteissa omistaja on kuitenkin aina asianosainen, ja h\u00e4nell\u00e4 on oikeus vaikuttaa viranomaisen p\u00e4\u00e4t\u00f6ksen sis\u00e4lt\u00f6\u00f6n. Jos alue lunastetaan tai sit\u00e4 k\u00e4ytet\u00e4\u00e4n omistajan tahdon vastaisesti, t\u00e4st\u00e4 on my\u00f6s Lue lis\u00e4\u00e4 >","og_url":"https:\/\/pohjoispaijanteenkalatalousalue.fi\/judinsalo\/toiminta\/lausuntopyynnot-ja-lausunnot\/","og_site_name":"Judinsalon osakaskunta","article_modified_time":"2021-01-14T12:16:00+00:00","twitter_card":"summary_large_image","twitter_misc":{"Arvioitu lukuaika":"1 minuutti"},"schema":{"@context":"https:\/\/schema.org","@graph":[{"@type":"WebPage","@id":"https:\/\/pohjoispaijanteenkalatalousalue.fi\/judinsalo\/toiminta\/lausuntopyynnot-ja-lausunnot\/","url":"https:\/\/pohjoispaijanteenkalatalousalue.fi\/judinsalo\/toiminta\/lausuntopyynnot-ja-lausunnot\/","name":"Lausuntopyynn\u00f6t ja lausunnot - Judinsalon osakaskunta","isPartOf":{"@id":"https:\/\/pohjoispaijanteenkalatalousalue.fi\/judinsalo\/#website"},"datePublished":"2021-01-14T12:15:59+00:00","dateModified":"2021-01-14T12:16:00+00:00","breadcrumb":{"@id":"https:\/\/pohjoispaijanteenkalatalousalue.fi\/judinsalo\/toiminta\/lausuntopyynnot-ja-lausunnot\/#breadcrumb"},"inLanguage":"fi","potentialAction":[{"@type":"ReadAction","target":["https:\/\/pohjoispaijanteenkalatalousalue.fi\/judinsalo\/toiminta\/lausuntopyynnot-ja-lausunnot\/"]}]},{"@type":"BreadcrumbList","@id":"https:\/\/pohjoispaijanteenkalatalousalue.fi\/judinsalo\/toiminta\/lausuntopyynnot-ja-lausunnot\/#breadcrumb","itemListElement":[{"@type":"ListItem","position":1,"name":"Home","item":"https:\/\/pohjoispaijanteenkalatalousalue.fi\/judinsalo\/"},{"@type":"ListItem","position":2,"name":"Yksityinen: Toiminta","item":"https:\/\/pohjoispaijanteenkalatalousalue.fi\/judinsalo\/?page_id=250"},{"@type":"ListItem","position":3,"name":"Lausuntopyynn\u00f6t ja lausunnot"}]},{"@type":"WebSite","@id":"https:\/\/pohjoispaijanteenkalatalousalue.fi\/judinsalo\/#website","url":"https:\/\/pohjoispaijanteenkalatalousalue.fi\/judinsalo\/","name":"Judinsalon osakaskunta","description":"","potentialAction":[{"@type":"SearchAction","target":{"@type":"EntryPoint","urlTemplate":"https:\/\/pohjoispaijanteenkalatalousalue.fi\/judinsalo\/?s={search_term_string}"},"query-input":{"@type":"PropertyValueSpecification","valueRequired":true,"valueName":"search_term_string"}}],"inLanguage":"fi"}]}},"_links":{"self":[{"href":"https:\/\/pohjoispaijanteenkalatalousalue.fi\/judinsalo\/wp-json\/wp\/v2\/pages\/262","targetHints":{"allow":["GET"]}}],"collection":[{"href":"https:\/\/pohjoispaijanteenkalatalousalue.fi\/judinsalo\/wp-json\/wp\/v2\/pages"}],"about":[{"href":"https:\/\/pohjoispaijanteenkalatalousalue.fi\/judinsalo\/wp-json\/wp\/v2\/types\/page"}],"author":[{"embeddable":true,"href":"https:\/\/pohjoispaijanteenkalatalousalue.fi\/judinsalo\/wp-json\/wp\/v2\/users\/1"}],"replies":[{"embeddable":true,"href":"https:\/\/pohjoispaijanteenkalatalousalue.fi\/judinsalo\/wp-json\/wp\/v2\/comments?post=262"}],"version-history":[{"count":2,"href":"https:\/\/pohjoispaijanteenkalatalousalue.fi\/judinsalo\/wp-json\/wp\/v2\/pages\/262\/revisions"}],"predecessor-version":[{"id":264,"href":"https:\/\/pohjoispaijanteenkalatalousalue.fi\/judinsalo\/wp-json\/wp\/v2\/pages\/262\/revisions\/264"}],"up":[{"embeddable":true,"href":"https:\/\/pohjoispaijanteenkalatalousalue.fi\/judinsalo\/wp-json\/wp\/v2\/pages\/250"}],"wp:attachment":[{"href":"https:\/\/pohjoispaijanteenkalatalousalue.fi\/judinsalo\/wp-json\/wp\/v2\/media?parent=262"}],"curies":[{"name":"wp","href":"https:\/\/api.w.org\/{rel}","templated":true}]}}